) + 11/3. Suppose 3*k + 416 = 7*k + 4*u, 5*k + 4*u - 517 = 0. Suppose d - 378 = -4*f, a*f + k = 4*f - 3*d. Is f a prime number?
False
Let j = -11804 + 30445. Is j prime?
False
Let p be (-12)/(-5)*(-20)/3. Let x = p + 12. Let c(o) = -o**3 + 1. Is c(x) a prime number?
False
Suppose -5*w + 0*z - z + 5447 = 0, 2170 = 2*w - 4*z. Suppose -14*g + w = -2621. Is g a composite number?
True
Suppose 3*l - 1440 = 5*o - 2*o, -o + 963 = 2*l. Is l prime?
False
Is (-6)/8 - (-1 + 16374/(-8)) prime?
False
Let i = 2 - -1. Suppose 4*o = i*u + 12344, -o = -0*o + 4*u - 3086. Is (-4)/8*o*-1 a composite number?
False
Suppose 4*x + 91 = 35. Let f be ((-18)/(-2))/((-21)/x). Let i(z) = 43*z + 1. Is i(f) a composite number?
True
Suppose 0 = 3*u - 3*j - 9042, 3*u + 12*j - 13*j = 9040. Is u prime?
False
Let k = -311 + 369. Is k prime?
False
Suppose -5*q - 3 = 4*u - 1, 4*q = 3*u + 17. Suppose -q*d + j + 1316 = 0, d + 2*d - 1976 = 2*j. Suppose 0 = -5*p + d - 241. Is p composite?
False
Let w(n) = 537*n**2 - 72*n + 277. Is w(4) composite?
False
Suppose 0 = -4*d + 45 - 1. Suppose 0 = -m - 2*y + 1465, -d = 5*y + 4. Is m composite?
False
Let j be (-16)/40 - (-4)/10. Suppose j*q = -q + 2*c - 2, 12 = 2*q + 4*c. Suppose -q*g - 63 = -161. Is g a prime number?
False
Let j = 212 + -93. Is j a prime number?
False
Let z = 2531 + 562. Is z a prime number?
False
Suppose o - 9 = 2*o + 3*d, 3*o + 2*d = -13. Is 2006 + 2/1 + o a composite number?
True
Let n(x) = -x**2 + 53*x + 307. Is n(38) composite?
False
Let q(h) = h**2 + 2. Let b be q(0). Is (-978)/(-4) - (-5)/b prime?
False
Let i = 121 + 3550. Is i a prime number?
True
Suppose 661699 = 20*a - 189441. Is a a prime number?
True
Let g = 540 - 33. Suppose 0 = -n + g - 170. Is n prime?
True
Let d(j) = -5*j**3 + 8*j**2 - 6*j - 11. Let b be ((-3)/4 - (-19)/4) + -12. Is d(b) prime?
True
Let a = 723 + -178. Let q(v) = v - 3. Let f be q(12). Suppose f*x = 4*x + a. Is x prime?
True
Suppose 2*a = -l + 2*l, 0 = 5*l - 3*a - 7. Suppose -l*z = 3*z - 1465. Is z prime?
True
Is (-4615)/(-4) - (-23)/92 composite?
True
Let h be (24/(-3))/((-2)/3). Let q be 2/4 + 1662/h. Suppose 2*r + q = 3*r. Is r a composite number?
False
Let m = 105 - 84. Let x(o) = 3*o - 28. Is x(m) a composite number?
True
Let r be (6/9)/1*(-27)/18. Let d(u) = -411*u - 2055. Let i(w) = -1. Let y(q) = d(q) - 2055*i(q). Is y(r) composite?
True
Suppose 6*h + 420 + 396 = 0. Let b = 290 + -139. Let c = b - h. Is c composite?
True
Let i be 2 + 1*4/4. Is 3/i*0 + 185 prime?
False
Let v be (7010/(-4))/(8/(-16)). Suppose 0*w = 5*w - v. Is w composite?
False
Let i(w) = -w**2 - 2*w - 11. Let f be 82/8 - 9/(-12). Let p be i(f). Let o = -63 - p. Is o a composite number?
True
Let p(j) = -j**3 - 7*j**2 + 4*j + 5. Let i be p(-7). Let v = i - -38. Suppose -t = -8 - v. Is t a composite number?
False
Suppose c = x + 19, -3*c - 23 = -x + 2*x. Let q = 26 + x. Is (2067/q - 3)*2 composite?
False
Let k(n) = 2*n**2 - 12*n - 13. Let t = 6 - -6. Let x be k(t). Suppose 5*m = 3*l + 655, m - 5*l + x = 2*m. Is m composite?
False
Suppose u - 10895 = -4426. Is u a prime number?
True
Suppose 2*v + 40 = -4*g, -3*g - 3*v = -4*v + 35. Is (g + 12)*109/1 a composite number?
False
Let l = -17354 - -35137. Is l a composite number?
False
Let q be (-10)/(-65) - (-14200)/(-26). Let d be q/(-8)*(-88)/(-11). Let f = d + -133. Is f prime?
False
Let m = -7 + 11. Let s = 10 - m. Let o(r) = 74*r - 1. Is o(s) composite?
False
Let p = 139408 + -91475. Is p a prime number?
True
Let c = -6 + 11. Suppose -c*p + 2*g + 0*g + 1 = 0, 9 = -3*g. Let j(u) = -36*u**3 - 2*u - 1. Is j(p) composite?
False
Let x = -526 + 349. Let f = -897 + 631. Let r = x - f. Is r prime?
True
Let h(p) = -2830*p + 667. Is h(-6) a composite number?
True
Let i = -40 - -42. Let j(b) = b**3 - 2*b**2 + 7*b - 7. Let g be j(5). Suppose g + 91 = i*k. Is k a prime number?
True
Let u = 106 - -579. Suppose 7*h + u = 3*y + 3*h, 4*y + h = 888. Is y a prime number?
True
Suppose -8*s = s - 36. Suppose 3*h - 178 = -s*v, -7*h + 130 = -5*h - 3*v. Is h a composite number?
True
Let b = 1802 - 1041. Is b a prime number?
True
Is 10869/(-6)*(6 + -8) prime?
True
Let c = -50 - -44. Let k be 12/(-4)*(-2 + 10). Is (-4)/c + (-3560)/k a prime number?
True
Let g(z) = z**3 + 12*z**2 + 13*z + 13. Let a be g(-11). Let n = 34 + -57. Let d = a - n. Is d a composite number?
True
Let c(u) = -4*u**3 - 4*u**2 - 35*u + 58. Let h(o) = -o**3 - o**2 - 12*o + 19. Let t(x) = 2*c(x) - 7*h(x). Is t(-12) a prime number?
True
Let y(n) = -2*n - n**2 + 5*n**2 + 11*n**2 - 9. Let f be y(8). Suppose -5*g + f = 3*v, 5*v + 965 - 217 = 4*g. Is g a composite number?
True
Let g be 1*(-14)/6*3. Let d(y) = -2*y - 11. Let u be d(g). Is ((-2)/2)/(u/(-201)) prime?
True
Let j(z) = z**3 - 14*z**2 + 14*z - 15. Suppose -5*g + 62 = -k, -3*k + 10 + 51 = 4*g. Let t be j(g). Is (332 - (-1 - t))*1 a prime number?
True
Suppose -24 = -5*l + 21. Suppose l*k = 6784 + 9425. Is k a prime number?
True
Suppose o + o = 0. Suppose 2653 = 3*k - 4*c, o*k + c = -4*k + 3550. Is k a prime number?
True
Let z be -2 + 1*(-3 - 3). Let b = -10 - z. Is (-12 + 1)/(b/14) composite?
True
Let f(z) be the first derivative of -2*z**2 - 10*z - 5. Let j be f(-5). Is j - -3*(-3)/3 prime?
True
Let n(p) = 2*p**2 + 19*p + 5. Suppose 90 = -5*t + 20. Is n(t) a prime number?
True
Suppose t + 43 = -8. Is 9974/10 + (3 - t/(-15)) a prime number?
True
Is (-2203)/(-3)*(16 - 7) a prime number?
False
Suppose -191211 = -12*z + 45657. Is z composite?
False
Suppose 2*x = -3*n - 4860 + 25117, 4*x - 5*n - 40459 = 0. Is x composite?
True
Let h be (-192248)/(-126) - (1 + 22/(-18)). Let z = h + 411. Is z a composite number?
True
Suppose 0 = -3*o + 4*o. Suppose 5*l - 109 = -2*d + d, 3*l = o. Is d a prime number?
True
Let u be -1 - (-1 + -4 + 3). Is (-1 - 0) + (u + 1 - -1734) a composite number?
True
Let w(y) = -y**2 - y + 577. Let p(s) = -s**3 - 3*s**2 + 7*s + 12. Let b be p(-4). Is w(b) prime?
True
Let m be 1/3 + (-7840)/(-24). Suppose -m = -3*c + 1422. Is c a prime number?
False
Let h(x) = 8*x**3 - 4*x**2 - 6*x - 3. Let l be h(-4). Let t = l + 1196. Is t a prime number?
True
Let l(r) = -2068*r - 7. Is l(-15) a composite number?
False
Let c = 2274 - 1451. Suppose -2*k + c + 1139 = 4*w, 5*w + 988 = k. Is k a composite number?
False
Let u(k) = -5*k**2 + 30 + 7*k**2 + 10*k**2 - 4*k**2 + 9*k. Is u(-11) a composite number?
True
Let k(i) = -i**2 - 9*i - 10. Let n be k(-3). Suppose -4*j + n*j = 24. Suppose -y - 1285 = -j*y. Is y prime?
True
Let b(y) be the third derivative of 0*y**4 + 0*y + 2*y**2 + 1/6*y**3 - 19/120*y**6 + 0 - 1/60*y**5. Is b(-1) a composite number?
False
Let q = -27308 + 55467. Is q a prime number?
False
Suppose 0*l - 2*l - 4 = 0, 3*m - 3*l = -60. Suppose 5*v + 4*b + 260 = 3*b, 3*v - 2*b + 169 = 0. Let o = m - v. Is o prime?
True
Let f(c) = c**2 - 4*c - 9. Let x be f(7). Let s(b) = -38*b - 15*b + x*b + 4 + 0. Is s(-5) a composite number?
True
Let x = 6 + -7. Let i be x*(-3 - (9 + -3)). Suppose -i*r = -7*r - 106. Is r prime?
True
Let s be 4 - (5 + -3)*(-2)/4. Suppose -4*g = 4*q - g - 9022, -s*q = 4*g - 11277. Is q a composite number?
True
Let q(g) = 45*g - 22. Let a be q(13). Let z = a + -298. Is z prime?
False
Let d be 1 - (1 + -2*3). Suppose -2*t = -4*g - d, -4*t + 2*g + 1 = -35. Let b = 66 - t. Is b a composite number?
True
Suppose 3*c = -0*y - 5*y + 5, -2*c - 4*y = 0. Let u be (-4)/c - (-12554)/10. Suppose -10*z = -5*z - u. Is z prime?
True
Let w(n) = -39*n**3 - 4*n**2 - 3. Let c be w(-5). Suppose x - 3*x + c = 2*h, h = -2*x + 4777. Suppose -v = u - 797, 3*u - 3*v + 4*v = x. Is u a prime number?
True
Let h(v) = -567*v + 10. Is h(-3) a prime number?
False
Let k(x) = -x**3 - 11*x**2 + 13*x + 15. Let r be k(-12). Let j(p) = 24*p**3 + 2*p**2 + 7. Is j(r) composite?
False
Suppose -3828 = -10*o + 80822. Is o a composite number?
True
Let o = 34 - 17. Let u = 54 + o. Is u prime?
True
Let k = -20 + 29. Suppose 3*p + k = 6*p. Suppose -1236 = -4*c - 0*c + 2*o, -4*o = p*c - 905. Is c a composite number?
False
Suppose 84*u - 80*u = 8. Suppose -m - 1087 = -u*m. Is m a prime number?
True
Suppose 2*w - 5*r = -0*r + 2186, 2180 = 2*w - 2*r. Suppose -4*i = 3*d - w, -2*d = 2*i - d - 542. Is i a prime number?
True
Suppose 7*s - 6 = -2*t + 10*s, 32 = 4*t - s. Suppose t*h - 7825 - 2642 = 0. Is h a